 the remainder when 37 is divided by 19?
18
Calculate the remainder when 83 is divided by 9.
2
Calculate the remainder when 1216 is divided by 42.
40
What is the remainder when 72 is divided by 19?
15
Calculate the remainder when 88 is divided by 21.
4
Calculate the remainder when 1075 is divided by 22.
19
What is the remainder when 128 is divided by 28?
16
What is the remainder when 2104 is divided by 78?
76
What is the remainder when 87 is divided by 13?
9
Calculate the remainder when 189 is divided by 49.
42
What is the remainder when 190 is divided by 12?
10
Calculate the remainder when 247 is divided by 63.
58
What is the remainder when 857 is divided by 86?
83
What is the remainder when 2013 is divided by 14?
11
What is the remainder when 355 is divided by 140?
75
What is the remainder when 8387 is divided by 36?
35
What is the remainder when 535 is divided by 20?
15
What is the remainder when 245 is divided by 134?
111
Calculate the remainder when 254 is divided by 87.
80
What is the remainder when 68 is divided by 21?
5
Calculate the remainder when 605 is divided by 290.
25
Calculate the remainder when 35 is divided by 34.
1
What is the remainder when 1451 is divided by 144?
11
Calculate the remainder when 500 is divided by 256.
244
Calculate the remainder when 5159 is divided by 215.
214
What is the remainder when 885 is divided by 83?
55
Calculate the remainder when 75 is divided by 22.
9
Calculate the remainder when 126 is divided by 34.
24
What is the remainder when 618 is divided by 139?
62
What is the remainder when 106 is divided by 3?
1
Calculate the remainder when 1125 is divided by 8.
5
What is the remainder when 621 is divided by 39?
36
What is the remainder when 112 is divided by 39?
34
Calculate the remainder when 45 is divided by 7.
3
Calculate the remainder when 2073 is divided by 13.
6
Calculate the remainder when 996 is divided by 20.
16
What is the remainder when 2287 is divided by 29?
25
What is the remainder when 447 is divided by 45?
42
Calculate the remainder when 69 is divided by 45.
24
Calculate the remainder when 531 is divided by 77.
69
What is the remainder when 3674 is divided by 49?
48
What is the remainder when 963 is divided by 64?
3
What is the remainder when 84 is divided by 17?
16
Calculate the remainder when 1320 is divided by 23.
9
What is the remainder when 165 is divided by 24?
21
Calculate the remainder when 8459 is divided by 47.
46
What is the remainder when 1120 is divided by 19?
18
Calculate the remainder when 99 is divided by 30.
9
What is the remainder when 135 is divided by 74?
61
Calculate the remainder when 133 is divided by 46.
41
Calculate the remainder when 1590 is divided by 27.
24
Calculate the remainder when 351 is divided by 120.
111
What is the remainder when 881 is divided by 344?
193
What is the remainder when 463 is divided by 111?
19
Calculate the remainder when 967 is divided by 936.
31
Calculate the remainder when 109 is divided by 19.
14
Calculate the remainder when 33 is divided by 8.
1
What is the remainder when 403 is divided by 29?
26
What is the remainder when 231 is divided by 51?
27
Calculate the remainder when 30 is divided by 3.
0
Calculate the remainder when 225 is divided by 113.
112
What is the remainder when 1028 is divided by 207?
200
Calculate the remainder when 1469 is divided by 92.
89
Calculate the remainder when 479 is divided by 13.
11
Calculate the remainder when 132 is divided by 27.
24
What is the remainder when 798 is divided by 100?
98
Calculate the remainder when 603 is divided by 190.
33
What is the remainder when 1660 is divided by 13?
9
Calculate the remainder when 258 is divided by 9.
6
Calculate the remainder when 9404 is divided by 45.
44
Calculate the remainder when 71 is divided by 33.
5
What is the remainder when 1585 is divided by 518?
31
What is the remainder when 855 is divided by 33?
30
What is the remainder when 567 is divided by 143?
138
Calculate the remainder when 29667 is divided by 69.
66
What is the remainder when 91 is divided by 27?
10
Calculate the remainder when 4570 is divided by 306.
286
What is the remainder when 8879 is divided by 26?
13
What is the remainder when 203 is divided by 21?
14
Calculate the remainder when 920 is divided by 73.
44
What is the remainder when 567 is divided by 34?
23
What is the remainder when 5913 is divided by 13?
11
What is the remainder when 1009 is divided by 67?
4
What is the remainder when 1065 is divided by 338?
51
Calculate the remainder when 543 is divided by 39.
36
What is the remainder when 26565 is divided by 81?
78
What is the remainder when 2021 is divided by 64?
37
Calculate the remainder when 157 is divided by 21.
10
Calculate the remainder when 425 is divided by 60.
5
Calculate the remainder when 1192 is divided by 92.
88
Calculate the remainder when 4078 is divided by 48.
46
Calculate the remainder when 38 is divided by 30.
8
What is the remainder when 837 is divided by 30?
27
Calculate the remainder when 240 is divided by 61.
57
Calculate the remainder when 783 is divided by 131.
128
What is the remainder when 805 is divided by 781?
24
What is the remainder when 1530 is divided by 59?
55
Calculate the remainder when 45 is divided by 12.
9
Calculate the remainder when 398 is divided by 133.
132
What is the remainder when 77 is divided by 68?
9
Calculate the remainder when 1461 is divided by 359.
25
Calculate the remainder when 1699 is divided by 109.
64
Calculate the remainder when 100 is divided by 49.
2
What is the remainder when 12520 is divided by 124?
120
What is the remainder when 176 is divided by 63?
50
What is the remainder when 1623 is divided by 148?
143
Calculate the remainder when 9178 is divided by 17.
15
What is the remainder when 45 is divided by 13?
6
What is the remainder when 3020 is divided by 28?
24
Calculate the remainder when 8601 is divided by 22.
21
Calculate the remainder when 4450 is divided by 23.
11
What is the remainder when 4465 is divided by 77?
76
Calculate the remainder when 401 is divided by 58.
53
What is the remainder when 276 is divided by 28?
24
Calculate the remainder when 552 is divided by 105.
27
What is the remainder when 779 is divided by 87?
83
What is the remainder when 6631 is divided by 67?
65
What is the remainder when 418 is divided by 83?
3
What is the remainder when 560 is divided by 188?
184
What is the remainder when 195 is divided by 43?
23
Calculate the remainder when 408 is divided by 91.
44
Calculate the remainder when 1978 is divided by 50.
28
Calculate the remainder when 190 is divided by 4.
2
Calculate the remainder when 1011 is divided by 396.
219
What is the remainder when 397 is divided by 67?
62
What is the remainder when 437 is divided by 71?
11
Calculate the remainder when 101 is divided by 53.
48
What is the remainder when 2013 is divided by 106?
105
What is the remainder when 465 is divided by 78?
75
What is the remainder when 1292 is divided by 215?
2
What is the remainder when 150 is divided by 38?
36
Calculate the remainder when 140 is divided by 59.
22
Calculate the remainder when 1553 is divided by 42.
41
Calculate the remainder when 110 is divided by 109.
1
What is the remainder when 553 is divided by 15?
13
Calculate the remainder when 963 is divided by 14.
11
Calculate the remainder when 3316 is divided by 1645.
26
What is the remainder when 344 is divided by 111?
11
Calculate the remainder when 5772 is divided by 720.
12
Calculate the remainder when 1098 is divided by 37.
25
What is the remainder when 351 is divided by 8?
7
What is the remainder when 192 is divided by 39?
36
What is the remainder when 136 is divided by 37?
25
What is the remainder when 1314 is divided by 422?
48
Calculate the remainder when 735 is divided by 9.
6
What is the remainder when 41 is divided by 8?
1
Calculate the remainder when 597 is divided by 53.
14
Calculate the remainder when 550 is divided by 23.
21
What is the remainder when 161 is divided by 55?
51
What is the remainder when 216 is divided by 82?
52
What is the remainder when 177 is divided by 92?
85
What is the remainder when 340 is divided by 25?
15
Calculate the remainder when 439 is divided by 146.
1
Calculate the remainder when 1669 is divided by 25.
19
